{"id":172,"date":"2023-04-11T21:46:40","date_gmt":"2023-04-11T21:46:40","guid":{"rendered":"https:\/\/arketipoic.com\/?page_id=172"},"modified":"2024-04-08T22:31:14","modified_gmt":"2024-04-08T22:31:14","slug":"quienes-somos","status":"publish","type":"page","link":"https:\/\/arketipoic.com\/?page_id=172","title":{"rendered":"Cont\u00e1ctenos \/ \u00bfQui\u00e9nes somos?"},"content":{"rendered":"\t\t<div data-elementor-type=\"wp-page\" data-elementor-id=\"172\" class=\"elementor elementor-172\">\n\t\t\t\t<div class=\"elementor-element elementor-element-b093a80 e-flex e-con-boxed e-con e-parent\" data-id=\"b093a80\" data-element_type=\"container\" data-e-type=\"container\">\n\t\t\t\t\t<div class=\"e-con-inner\">\n\t\t\t\t<div class=\"elementor-element elementor-element-4485b10 elementor-widget elementor-widget-spacer\" data-id=\"4485b10\" data-element_type=\"widget\" data-e-type=\"widget\" data-widget_type=\"spacer.default\">\n\t\t\t\t\t\t\t<div class=\"elementor-spacer\">\n\t\t\t<div class=\"elementor-spacer-inner\"><\/div>\n\t\t<\/div>\n\t\t\t\t\t\t<\/div>\n\t\t\t\t\t<\/div>\n\t\t\t\t<\/div>\n\t\t<div class=\"elementor-element elementor-element-0df4918 e-flex e-con-boxed e-con e-parent\" data-id=\"0df4918\" data-element_type=\"container\" data-e-type=\"container\">\n\t\t\t\t\t<div class=\"e-con-inner\">\n\t\t\t\t<div class=\"elementor-element elementor-element-d4ecb57 elementor-widget elementor-widget-text-editor\" data-id=\"d4ecb57\" data-element_type=\"widget\" data-e-type=\"widget\" data-widget_type=\"text-editor.default\">\n\t\t\t\t\t\t\t\t\t<p>Correo de contacto:<\/p><p>info@arketipoic.com<\/p>\t\t\t\t\t\t\t\t<\/div>\n\t\t\t\t\t<\/div>\n\t\t\t\t<\/div>\n\t\t<div class=\"elementor-element elementor-element-387d54c e-grid e-con-boxed e-con e-parent\" data-id=\"387d54c\" data-element_type=\"container\" data-e-type=\"container\">\n\t\t\t\t\t<div class=\"e-con-inner\">\n\t\t\t\t<div class=\"elementor-element elementor-element-a6b7d77 elementor-align-center e-transform elementor-widget elementor-widget-button\" data-id=\"a6b7d77\" data-element_type=\"widget\" data-e-type=\"widget\" data-settings=\"{&quot;_transform_scale_effect&quot;:{&quot;unit&quot;:&quot;px&quot;,&quot;size&quot;:2,&quot;sizes&quot;:[]},&quot;_transform_scale_effect_tablet&quot;:{&quot;unit&quot;:&quot;px&quot;,&quot;size&quot;:&quot;&quot;,&quot;sizes&quot;:[]},&quot;_transform_scale_effect_mobile&quot;:{&quot;unit&quot;:&quot;px&quot;,&quot;size&quot;:&quot;&quot;,&quot;sizes&quot;:[]}}\" data-widget_type=\"button.default\">\n\t\t\t\t\t\t\t\t\t\t<a class=\"elementor-button elementor-button-link elementor-size-sm\" href=\"https:\/\/www.facebook.com\/aicorporativa\">\n\t\t\t\t\t\t<span class=\"elementor-button-content-wrapper\">\n\t\t\t\t\t\t<span class=\"elementor-button-icon\">\n\t\t\t\t<svg aria-hidden=\"true\" class=\"e-font-icon-svg e-fab-facebook\" viewBox=\"0 0 512 512\" xmlns=\"http:\/\/www.w3.org\/2000\/svg\"><path d=\"M504 256C504 119 393 8 256 8S8 119 8 256c0 123.78 90.69 226.38 209.25 245V327.69h-63V256h63v-54.64c0-62.15 37-96.48 93.67-96.48 27.14 0 55.52 4.84 55.52 4.84v61h-31.28c-30.8 0-40.41 19.12-40.41 38.73V256h68.78l-11 71.69h-57.78V501C413.31 482.38 504 379.78 504 256z\"><\/path><\/svg>\t\t\t<\/span>\n\t\t\t\t\t\t\t\t<\/span>\n\t\t\t\t\t<\/a>\n\t\t\t\t\t\t\t\t<\/div>\n\t\t\t\t<div class=\"elementor-element elementor-element-15252e3 elementor-align-center e-transform elementor-widget elementor-widget-button\" data-id=\"15252e3\" data-element_type=\"widget\" data-e-type=\"widget\" data-settings=\"{&quot;_transform_scale_effect&quot;:{&quot;unit&quot;:&quot;px&quot;,&quot;size&quot;:2,&quot;sizes&quot;:[]},&quot;_transform_scale_effect_tablet&quot;:{&quot;unit&quot;:&quot;px&quot;,&quot;size&quot;:&quot;&quot;,&quot;sizes&quot;:[]},&quot;_transform_scale_effect_mobile&quot;:{&quot;unit&quot;:&quot;px&quot;,&quot;size&quot;:&quot;&quot;,&quot;sizes&quot;:[]}}\" data-widget_type=\"button.default\">\n\t\t\t\t\t\t\t\t\t\t<a class=\"elementor-button elementor-button-link elementor-size-sm\" href=\"https:\/\/www.instagram.com\/arketipoimagen\/\">\n\t\t\t\t\t\t<span class=\"elementor-button-content-wrapper\">\n\t\t\t\t\t\t<span class=\"elementor-button-icon\">\n\t\t\t\t<svg aria-hidden=\"true\" class=\"e-font-icon-svg e-fab-instagram\" viewBox=\"0 0 448 512\" xmlns=\"http:\/\/www.w3.org\/2000\/svg\"><path d=\"M224.1 141c-63.6 0-114.9 51.3-114.9 114.9s51.3 114.9 114.9 114.9S339 319.5 339 255.9 287.7 141 224.1 141zm0 189.6c-41.1 0-74.7-33.5-74.7-74.7s33.5-74.7 74.7-74.7 74.7 33.5 74.7 74.7-33.6 74.7-74.7 74.7zm146.4-194.3c0 14.9-12 26.8-26.8 26.8-14.9 0-26.8-12-26.8-26.8s12-26.8 26.8-26.8 26.8 12 26.8 26.8zm76.1 27.2c-1.7-35.9-9.9-67.7-36.2-93.9-26.2-26.2-58-34.4-93.9-36.2-37-2.1-147.9-2.1-184.9 0-35.8 1.7-67.6 9.9-93.9 36.1s-34.4 58-36.2 93.9c-2.1 37-2.1 147.9 0 184.9 1.7 35.9 9.9 67.7 36.2 93.9s58 34.4 93.9 36.2c37 2.1 147.9 2.1 184.9 0 35.9-1.7 67.7-9.9 93.9-36.2 26.2-26.2 34.4-58 36.2-93.9 2.1-37 2.1-147.8 0-184.8zM398.8 388c-7.8 19.6-22.9 34.7-42.6 42.6-29.5 11.7-99.5 9-132.1 9s-102.7 2.6-132.1-9c-19.6-7.8-34.7-22.9-42.6-42.6-11.7-29.5-9-99.5-9-132.1s-2.6-102.7 9-132.1c7.8-19.6 22.9-34.7 42.6-42.6 29.5-11.7 99.5-9 132.1-9s102.7-2.6 132.1 9c19.6 7.8 34.7 22.9 42.6 42.6 11.7 29.5 9 99.5 9 132.1s2.7 102.7-9 132.1z\"><\/path><\/svg>\t\t\t<\/span>\n\t\t\t\t\t\t\t\t<\/span>\n\t\t\t\t\t<\/a>\n\t\t\t\t\t\t\t\t<\/div>\n\t\t\t\t\t<\/div>\n\t\t\t\t<\/div>\n\t\t<div class=\"elementor-element elementor-element-a9b24b3 e-flex e-con-boxed e-con e-parent\" data-id=\"a9b24b3\" data-element_type=\"container\" data-e-type=\"container\">\n\t\t\t\t\t<div class=\"e-con-inner\">\n\t\t\t\t<div class=\"elementor-element elementor-element-a38801e elementor-widget elementor-widget-spacer\" data-id=\"a38801e\" data-element_type=\"widget\" data-e-type=\"widget\" data-widget_type=\"spacer.default\">\n\t\t\t\t\t\t\t<div class=\"elementor-spacer\">\n\t\t\t<div class=\"elementor-spacer-inner\"><\/div>\n\t\t<\/div>\n\t\t\t\t\t\t<\/div>\n\t\t\t\t\t<\/div>\n\t\t\t\t<\/div>\n\t\t<div class=\"elementor-element elementor-element-6136122 e-flex e-con-boxed e-con e-parent\" data-id=\"6136122\" data-element_type=\"container\" data-e-type=\"container\" data-settings=\"{&quot;background_background&quot;:&quot;classic&quot;}\">\n\t\t\t\t\t<div class=\"e-con-inner\">\n\t\t\t\t<div class=\"elementor-element elementor-element-0d9f04a elementor-widget elementor-widget-text-editor\" data-id=\"0d9f04a\" data-element_type=\"widget\" data-e-type=\"widget\" data-widget_type=\"text-editor.default\">\n\t\t\t\t\t\t\t\t\t<p>\u00bfQui\u00e9nes somos?<br \/>Somos un equipo de Comercializaci\u00f3n, Dise\u00f1o, Consultor\u00eda,<br \/>Interventor\u00eda y Fabricaci\u00f3n enfocado a resolver sus necesidades<br \/>de Imagen Visual dentro de los espacios Arquitect\u00f3nicos respetando<br \/>la coherencia con la obra Arquitect\u00f3nica.<br \/>Nuestra compa\u00f1\u00eda nace en el a\u00f1o de 1996 con el objetivo de<br \/>Dise\u00f1ar y Fabricar productos con Dise\u00f1o.<br \/>A partir del a\u00f1o 2000 hemos venido especializ\u00e1ndonos<br \/>en el \u00e1rea de la comunicaci\u00f3n visual en espacios p\u00fablicos,<br \/>inicialmente trabajando el tema de la se\u00f1alizaci\u00f3n y<br \/>posteriormente en el tema del concepto gr\u00e1fico integral.<br \/>Hoy en d\u00eda sumamos mas de 1000 proyectos ejecutados<br \/>satisfactoriamente a nivel Nacional e Internacional.<br \/>Esperamos poder ser parte de su equipo de trabajo para las<br \/>soluciones integrales de sus proyectos.<\/p>\t\t\t\t\t\t\t\t<\/div>\n\t\t\t\t\t<\/div>\n\t\t\t\t<\/div>\n\t\t<div class=\"elementor-element elementor-element-2575bd4 e-flex e-con-boxed e-con e-parent\" data-id=\"2575bd4\" data-element_type=\"container\" data-e-type=\"container\" data-settings=\"{&quot;background_background&quot;:&quot;classic&quot;}\">\n\t\t\t\t\t<div class=\"e-con-inner\">\n\t\t\t\t<div class=\"elementor-element elementor-element-5eb9650 elementor-widget elementor-widget-text-editor\" data-id=\"5eb9650\" data-element_type=\"widget\" data-e-type=\"widget\" data-widget_type=\"text-editor.default\">\n\t\t\t\t\t\t\t\t\t<p>We are a team specialized in areas of sales, marketing, design, consulting, inventory, and manufacturing whose<br \/>aim is a coherent integration of your visual image needs within your existing architectural space.<br \/>Our company was born in 1996 with the purpose of creating products with Design. Since 2000, we have specialized in<br \/>public space visual communications, initially focusing on signage and later in integral graphics.<br \/>Today we have successfully executed more than 800<br \/>projects nationally and internationally.<br \/>We hope to partner with you in finding integra<br \/>solutions to your project needs.<\/p>\t\t\t\t\t\t\t\t<\/div>\n\t\t\t\t<div class=\"elementor-element elementor-element-181c609 elementor-widget elementor-widget-image\" data-id=\"181c609\" data-element_type=\"widget\" data-e-type=\"widget\" data-widget_type=\"image.default\">\n\t\t\t\t\t\t\t\t\t\t\t\t\t\t\t<img fetchpriority=\"high\" decoding=\"async\" width=\"225\" height=\"300\" src=\"https:\/\/arketipoic.com\/wp-content\/uploads\/2023\/05\/d69e88ed-c6c4-4eb3-b269-41c21f315781-225x300.jpg\" class=\"attachment-medium size-medium wp-image-1038\" alt=\"\" srcset=\"https:\/\/arketipoic.com\/wp-content\/uploads\/2023\/05\/d69e88ed-c6c4-4eb3-b269-41c21f315781-225x300.jpg 225w, https:\/\/arketipoic.com\/wp-content\/uploads\/2023\/05\/d69e88ed-c6c4-4eb3-b269-41c21f315781-768x1024.jpg 768w, https:\/\/arketipoic.com\/wp-content\/uploads\/2023\/05\/d69e88ed-c6c4-4eb3-b269-41c21f315781-350x467.jpg 350w, https:\/\/arketipoic.com\/wp-content\/uploads\/2023\/05\/d69e88ed-c6c4-4eb3-b269-41c21f315781.jpg 960w\" sizes=\"100vw\" \/>\t\t\t\t\t\t\t\t\t\t\t\t\t\t\t<\/div>\n\t\t\t\t\t<\/div>\n\t\t\t\t<\/div>\n\t\t<div class=\"elementor-element elementor-element-38f29b2 e-flex e-con-boxed e-con e-parent\" data-id=\"38f29b2\" data-element_type=\"container\" data-e-type=\"container\">\n\t\t\t\t\t<div class=\"e-con-inner\">\n\t\t\t\t<div class=\"elementor-element elementor-element-ffb7d26 elementor-widget elementor-widget-spacer\" data-id=\"ffb7d26\" data-element_type=\"widget\" data-e-type=\"widget\" data-widget_type=\"spacer.default\">\n\t\t\t\t\t\t\t<div class=\"elementor-spacer\">\n\t\t\t<div class=\"elementor-spacer-inner\"><\/div>\n\t\t<\/div>\n\t\t\t\t\t\t<\/div>\n\t\t\t\t\t<\/div>\n\t\t\t\t<\/div>\n\t\t<div class=\"elementor-element elementor-element-c8a7e2c e-flex e-con-boxed e-con e-parent\" data-id=\"c8a7e2c\" data-element_type=\"container\" data-e-type=\"container\">\n\t\t\t\t\t<div class=\"e-con-inner\">\n\t\t\t\t<div class=\"elementor-element elementor-element-cb2b78b elementor-widget__width-initial elementor-widget elementor-widget-image\" data-id=\"cb2b78b\" data-element_type=\"widget\" data-e-type=\"widget\" data-widget_type=\"image.default\">\n\t\t\t\t\t\t\t\t\t\t\t\t\t\t\t<img decoding=\"async\" width=\"225\" height=\"300\" src=\"https:\/\/arketipoic.com\/wp-content\/uploads\/2023\/10\/Foto-Ximena-225x300.jpg\" class=\"attachment-medium size-medium wp-image-1564\" alt=\"\" srcset=\"https:\/\/arketipoic.com\/wp-content\/uploads\/2023\/10\/Foto-Ximena-225x300.jpg 225w, https:\/\/arketipoic.com\/wp-content\/uploads\/2023\/10\/Foto-Ximena-767x1024.jpg 767w, https:\/\/arketipoic.com\/wp-content\/uploads\/2023\/10\/Foto-Ximena-768x1025.jpg 768w, https:\/\/arketipoic.com\/wp-content\/uploads\/2023\/10\/Foto-Ximena-350x467.jpg 350w, https:\/\/arketipoic.com\/wp-content\/uploads\/2023\/10\/Foto-Ximena.jpg 1076w\" sizes=\"100vw\" \/>\t\t\t\t\t\t\t\t\t\t\t\t\t\t\t<\/div>\n\t\t<div class=\"elementor-element elementor-element-62f0f2a e-con-full e-flex e-con e-child\" data-id=\"62f0f2a\" data-element_type=\"container\" data-e-type=\"container\" data-settings=\"{&quot;background_background&quot;:&quot;classic&quot;}\">\n\t\t\t\t<div class=\"elementor-element elementor-element-a9416ab elementor-widget elementor-widget-text-editor\" data-id=\"a9416ab\" data-element_type=\"widget\" data-e-type=\"widget\" data-widget_type=\"text-editor.default\">\n\t\t\t\t\t\t\t\t\t<p><b>Ximena Becerra<\/b><\/p><p><i>Dise\u00f1adora Industrial<\/i><\/p>\t\t\t\t\t\t\t\t<\/div>\n\t\t\t\t<\/div>\n\t\t\t\t\t<\/div>\n\t\t\t\t<\/div>\n\t\t<div class=\"elementor-element elementor-element-cbc363c e-flex e-con-boxed e-con e-parent\" data-id=\"cbc363c\" data-element_type=\"container\" data-e-type=\"container\">\n\t\t\t\t\t<div class=\"e-con-inner\">\n\t\t\t\t<div class=\"elementor-element elementor-element-9114380 elementor-widget__width-initial elementor-widget elementor-widget-image\" data-id=\"9114380\" data-element_type=\"widget\" data-e-type=\"widget\" data-widget_type=\"image.default\">\n\t\t\t\t\t\t\t\t\t\t\t\t\t\t\t<img decoding=\"async\" width=\"225\" height=\"300\" src=\"https:\/\/arketipoic.com\/wp-content\/uploads\/2023\/10\/Foto-Milton-225x300.jpg\" class=\"attachment-medium size-medium wp-image-1565\" alt=\"\" srcset=\"https:\/\/arketipoic.com\/wp-content\/uploads\/2023\/10\/Foto-Milton-225x300.jpg 225w, https:\/\/arketipoic.com\/wp-content\/uploads\/2023\/10\/Foto-Milton-766x1024.jpg 766w, https:\/\/arketipoic.com\/wp-content\/uploads\/2023\/10\/Foto-Milton-768x1026.jpg 768w, https:\/\/arketipoic.com\/wp-content\/uploads\/2023\/10\/Foto-Milton-350x468.jpg 350w, https:\/\/arketipoic.com\/wp-content\/uploads\/2023\/10\/Foto-Milton.jpg 1077w\" sizes=\"100vw\" \/>\t\t\t\t\t\t\t\t\t\t\t\t\t\t\t<\/div>\n\t\t<div class=\"elementor-element elementor-element-f30fc5f e-con-full e-flex e-con e-child\" data-id=\"f30fc5f\" data-element_type=\"container\" data-e-type=\"container\" data-settings=\"{&quot;background_background&quot;:&quot;classic&quot;}\">\n\t\t\t\t<div class=\"elementor-element elementor-element-83c7e8d elementor-widget elementor-widget-text-editor\" data-id=\"83c7e8d\" data-element_type=\"widget\" data-e-type=\"widget\" data-widget_type=\"text-editor.default\">\n\t\t\t\t\t\t\t\t\t<p><b>Milton Pinilla<\/b><\/p>\n<p><i>Dise\u00f1ador Industrial<\/i><\/p>\t\t\t\t\t\t\t\t<\/div>\n\t\t\t\t<\/div>\n\t\t\t\t\t<\/div>\n\t\t\t\t<\/div>\n\t\t<div class=\"elementor-element elementor-element-a97d07d e-flex e-con-boxed e-con e-parent\" data-id=\"a97d07d\" data-element_type=\"container\" data-e-type=\"container\">\n\t\t\t\t\t<div class=\"e-con-inner\">\n\t\t\t\t<div class=\"elementor-element elementor-element-ccba10d elementor-fixed elementor-view-default elementor-invisible elementor-widget elementor-widget-icon\" data-id=\"ccba10d\" data-element_type=\"widget\" data-e-type=\"widget\" data-settings=\"{&quot;_position&quot;:&quot;fixed&quot;,&quot;_animation&quot;:&quot;bounce&quot;}\" data-widget_type=\"icon.default\">\n\t\t\t\t\t\t\t<div class=\"elementor-icon-wrapper\">\n\t\t\t<a class=\"elementor-icon\" href=\"https:\/\/wa.link\/8gz1p8\">\n\t\t\t<svg aria-hidden=\"true\" class=\"e-font-icon-svg e-fab-whatsapp-square\" viewBox=\"0 0 448 512\" xmlns=\"http:\/\/www.w3.org\/2000\/svg\"><path d=\"M224 122.8c-72.7 0-131.8 59.1-131.9 131.8 0 24.9 7 49.2 20.2 70.1l3.1 5-13.3 48.6 49.9-13.1 4.8 2.9c20.2 12 43.4 18.4 67.1 18.4h.1c72.6 0 133.3-59.1 133.3-131.8 0-35.2-15.2-68.3-40.1-93.2-25-25-58-38.7-93.2-38.7zm77.5 188.4c-3.3 9.3-19.1 17.7-26.7 18.8-12.6 1.9-22.4.9-47.5-9.9-39.7-17.2-65.7-57.2-67.7-59.8-2-2.6-16.2-21.5-16.2-41s10.2-29.1 13.9-33.1c3.6-4 7.9-5 10.6-5 2.6 0 5.3 0 7.6.1 2.4.1 5.7-.9 8.9 6.8 3.3 7.9 11.2 27.4 12.2 29.4s1.7 4.3.3 6.9c-7.6 15.2-15.7 14.6-11.6 21.6 15.3 26.3 30.6 35.4 53.9 47.1 4 2 6.3 1.7 8.6-1 2.3-2.6 9.9-11.6 12.5-15.5 2.6-4 5.3-3.3 8.9-2 3.6 1.3 23.1 10.9 27.1 12.9s6.6 3 7.6 4.6c.9 1.9.9 9.9-2.4 19.1zM400 32H48C21.5 32 0 53.5 0 80v352c0 26.5 21.5 48 48 48h352c26.5 0 48-21.5 48-48V80c0-26.5-21.5-48-48-48zM223.9 413.2c-26.6 0-52.7-6.7-75.8-19.3L64 416l22.5-82.2c-13.9-24-21.2-51.3-21.2-79.3C65.4 167.1 136.5 96 223.9 96c42.4 0 82.2 16.5 112.2 46.5 29.9 30 47.9 69.8 47.9 112.2 0 87.4-72.7 158.5-160.1 158.5z\"><\/path><\/svg>\t\t\t<\/a>\n\t\t<\/div>\n\t\t\t\t\t\t<\/div>\n\t\t\t\t\t<\/div>\n\t\t\t\t<\/div>\n\t\t\t\t<\/div>\n\t\t","protected":false},"excerpt":{"rendered":"<p>Correo de contacto: info@arketipoic.com \u00bfQui\u00e9nes somos?Somos un equipo de Comercializaci\u00f3n, Dise\u00f1o, Consultor\u00eda,Interventor\u00eda y Fabricaci\u00f3n enfocado a resolver sus necesidadesde Imagen Visual dentro de los espacios Arquitect\u00f3nicos respetandola coherencia con la obra Arquitect\u00f3nica.Nuestra compa\u00f1\u00eda nace en el a\u00f1o de 1996 con el objetivo deDise\u00f1ar y Fabricar productos con Dise\u00f1o.A partir del a\u00f1o 2000 hemos venido especializ\u00e1ndonosen &hellip; <\/p>\n<p class=\"link-more\"><a href=\"https:\/\/arketipoic.com\/?page_id=172\" class=\"more-link\">Continuar leyendo<span class=\"screen-reader-text\"> &#8220;Cont\u00e1ctenos \/ \u00bfQui\u00e9nes somos?&#8221;<\/span><\/a><\/p>\n","protected":false},"author":1,"featured_media":0,"parent":0,"menu_order":0,"comment_status":"closed","ping_status":"closed","template":"","meta":{"om_disable_all_campaigns":false,"_monsterinsights_skip_tracking":false,"_monsterinsights_sitenote_active":false,"_monsterinsights_sitenote_note":"","_monsterinsights_sitenote_category":0,"footnotes":""},"class_list":["post-172","page","type-page","status-publish","hentry"],"aioseo_notices":[],"_links":{"self":[{"href":"https:\/\/arketipoic.com\/index.php?rest_route=\/wp\/v2\/pages\/172"}],"collection":[{"href":"https:\/\/arketipoic.com\/index.php?rest_route=\/wp\/v2\/pages"}],"about":[{"href":"https:\/\/arketipoic.com\/index.php?rest_route=\/wp\/v2\/types\/page"}],"author":[{"embeddable":true,"href":"https:\/\/arketipoic.com\/index.php?rest_route=\/wp\/v2\/users\/1"}],"replies":[{"embeddable":true,"href":"https:\/\/arketipoic.com\/index.php?rest_route=%2Fwp%2Fv2%2Fcomments&post=172"}],"version-history":[{"count":89,"href":"https:\/\/arketipoic.com\/index.php?rest_route=\/wp\/v2\/pages\/172\/revisions"}],"predecessor-version":[{"id":1793,"href":"https:\/\/arketipoic.com\/index.php?rest_route=\/wp\/v2\/pages\/172\/revisions\/1793"}],"wp:attachment":[{"href":"https:\/\/arketipoic.com\/index.php?rest_route=%2Fwp%2Fv2%2Fmedia&parent=172"}],"curies":[{"name":"wp","href":"https:\/\/api.w.org\/{rel}","templated":true}]}}